tors of ((-913410)/(-675))/((-6)/(-315))?
3, 7, 17, 199
Let j = 61 - 46. Let t be 12/j - 63/(-15). Suppose -r + t*q + 141 = 0, -121 = -r + 4*q - 3*q. List the prime factors of r.
2, 29
Let z = -255 - -260. Suppose 1220 = -0*q + z*q - 5*s, 5*q = -4*s + 1220. List the prime factors of q.
2, 61
Let n be 0 + -6 + 12 - 6. Suppose s - 546 = -4*g, -s + n*s + 2*g = -522. List the prime factors of s.
2, 5, 53
Let c(t) = 24*t**3 - 16*t**2 + 12*t + 14. List the prime factors of c(9).
2, 8161
Suppose -4*k + 2*k = -4. Suppose z = u + k - 36, -2*u = -3*z - 72. Let m = u - 7. What are the prime factors of m?
23
Let b = 29070 - 11129. What are the prime factors of b?
7, 11, 233
Let x be 4218/15 + 9/(90/8). Let w = x + 227. Suppose 5*i = 3*b - w, b - 7*i = -4*i + 163. List the prime factors of b.
2, 89
Let l = 6202 + -3031. What are the prime factors of l?
3, 7, 151
List the prime factors of -4 - (-9*118/6 - 0).
173
Let g = 2842 - 415. List the prime factors of g.
3, 809
Let o be ((-6)/(-9))/(8/(-1116)). Suppose -3*j = -j + 2*r - 192, -6 = 2*r. Let f = j + o. What are the prime factors of f?
2, 3
Let c(h) = -5061*h**3 + 5062*h**3 - 14*h**2 + 5*h**2 + 15 - 16*h. What are the prime factors of c(16)?
3, 11, 47
Suppose 5*u - 3*f - 27767 = 0, f + 27759 = 31*u - 26*u. List the prime factors of u.
7, 13, 61
Suppose 0 = 2*z - r - 10343, -42*z + 3*r - 5182 = -43*z. What are the prime factors of z?
7, 739
What are the prime factors of ((-3284)/(-5))/((-186)/(-465))?
2, 821
Let l(r) = -r - 1. Let a be l(-3). Let t = 1810 - 1806. Suppose 5*g - 2*g - 220 = -a*q, -296 = -t*g - 4*q. List the prime factors of g.
2, 3
Let w(a) = -a**2 + 7*a + 8. Let u be w(-4). Suppose 0 = 5*n - 2*o + 2975, 0 = -2*n + 14*o - 17*o - 1190. What are the prime factors of 8/u + n/(-45)?
13
Suppose 9*i = 7*i + 8. Suppose -3*l = -3*k + 2292, 0 = 2*k - i*l - 2035 + 507. What are the prime factors of k?
2, 191
Let j = 1817 - 49. Suppose -j - 20107 = -35*q. What are the prime factors of q?
5
What are the prime factors of (43/((-5418)/199440))/(1/(-7))?
2, 5, 277
What are the prime factors of ((-15)/3 - -2844) + 8/(48/(-30))?
2, 13, 109
Let n(c) = 33*c**2 - 19*c + 67. Let k(d) = -16*d**2 + 9*d - 33. Let r(a) = -13*k(a) - 6*n(a). List the prime factors of r(6).
3, 41
Let m(p) = -1908*p + 1896. List the prime factors of m(-8).
2, 3, 5, 11, 13
Suppose -9 = 12*i - 13*i. Let u(s) = s**3 + 10*s**2 + 6. Let d be u(-10). Suppose i*b - d*b = 180. What are the prime factors of b?
2, 3, 5
Let b = -664 - -644. Let s(w) = -2*w - 2 + 0*w + 1 - w. List the prime factors of s(b).
59
Let x(r) be the third derivative of -r**6/120 + r**5/5 + r**4/24 + 4*r**3/3 + 6*r**2. Let f be x(12). Suppose -2*m + 24 + f = 0. List the prime factors of m.
2, 11
Let x(m) = 5*m + 37. Let q be x(-7). Suppose -5*h + q*c = -254, -5*h - 4*c + 258 = -8*c. List the prime factors of h.
2, 5
Suppose 3 = -21*j + 18*j. What are the prime factors of ((-14)/(-4) + j + 4)*2?
13
Let r(m) = m**2 - 6*m + 4. Let j be r(6). Suppose -7*z + 5*z + j = 0. Suppose 3*p - 4*l = -26 + 147, -z*l + 4 = 0. What are the prime factors of p?
43
Suppose 0 = 523*r - 524*r + 9. List the prime factors of (r/6)/(4/(-4000)*-4).
3, 5
Suppose 1158 = 2*n + 4*t, 5*n - t - 4537 = -1675. Suppose 3*p = 4*j - 1145, -p - n = -3*j + j. List the prime factors of j.
7, 41
Let i = -254 - -253. List the prime factors of 77 - (6/i + 3).
2, 5
Let n = 21 + -18. Let u = 13 + n. Suppose -u = 7*y - 9*y. What are the prime factors of y?
2
Suppose -2*x + 4 = -4. Suppose 5*k = d - 13 + x, -5*d = -2*k - 22. What are the prime factors of k*(4 + -7 + 1)?
2
Let y = 70 - 70. Suppose y = 4*t + p - 55948, -1 - 15 = 4*p. What are the prime factors of t/208 - (-1)/(-4*1)?
67
Let z = 351 - -1509. List the prime factors of 17*1*z/60.
17, 31
Let k(h) = 8*h + 101. Let m be k(-8). Suppose 2*w = -5*r + 79, 2*w + 3*r = -0*w + 89. Let t = w - m. What are the prime factors of t?
3, 5
Let n = 107 + -101. Suppose -4*h - 3*p = 7, n*h + 17 = 4*h + 3*p. What are the prime factors of h/16*-254*(7 - 5)?
127
What are the prime factors of ((-2)/(-1))/(2/16696*(-74)/(-148))?
2, 2087
Suppose 0 = -2*f - 2*h + 15940, -1565 = -5*f + 2*h + 38271. List the prime factors of f.
2, 3, 83
Suppose -k - 10 = 2. Let n be (-700)/(-6) + 8/k. Suppose n = f + f. List the prime factors of f.
2, 29
Let p(g) = -g**3 + 20*g**2 - 26*g - 7. Suppose -11*o + 29*o - 324 = 0. List the prime factors of p(o).
173
Let l = -7904 + 11902. Suppose -3*g = -l + 707. What are the prime factors of g?
1097
Suppose 553*a = 485*a + 2647376. What are the prime factors of a?
2, 9733
Let o(g) = -4*g**2 + 14*g + 12. Let j be o(4). Suppose 7*m + 5*c = 11*m - 597, -j*m - 5*c + 627 = 0. What are the prime factors of m?
3, 17
Suppose 0 = -31*b + 7165 - 283. Suppose 225*p = b*p + 126. List the prime factors of p.
2, 3, 7
Let m = 772 + 1865. List the prime factors of m.
3, 293
Let x = 43213 + 1742. What are the prime factors of x?
3, 5, 37
What are the prime factors of (56 - 52)/((-2)/(-4098))?
2, 3, 683
Suppose 205*x - 105333 - 189489 = 139*x. List the prime factors of x.
3, 1489
Let l be 6 - 11 - 9/((-6)/2). What are the prime factors of (-4 - 40/(-12))*(l - 1192)?
2, 199
Suppose 4*q + 0 = -m - 2, 4*m = -q + 52. Let d = -13 - -3. Let o = m - d. What are the prime factors of o?
2, 3
Let h be -83 - 5/10*-6. Let f = h + 40. Let n = f - -73. List the prime factors of n.
3, 11
What are the prime factors of -1 - (-24)/15 - 139374/(-20)*2?
2, 3, 23, 101
Let h = -15 + -68. Suppose -19*q = 738 + 1238. Let u = h - q. List the prime factors of u.
3, 7
Suppose -594051 = -95*x + 2516820 + 1223789. List the prime factors of x.
2, 11, 17, 61
Let i(f) = 2*f**2 + 23*f + 16. Let p be i(-11). Suppose 3 = 4*h - p. Let k(x) = 30*x**2 - 7*x + 11. What are the prime factors of k(h)?
3, 13
Suppose -19 + 136 = -n. Let v be (-13)/(n/6) - (-16)/3. Suppose v*a = a + 275. List the prime factors of a.
5, 11
Let r(c) = -2*c**3 - 12*c**2 + 8*c - 11. Let q be r(-7). Suppose q*t - 32*t = -672. List the prime factors of t.
2, 3, 7
Let t be ((-18)/27)/(6/(-9)). Let a(i) = 121*i**2 + 2*i - 1. Let d be a(t). Suppose 2*v - 5*m + m = d, 0 = 4*v + 2*m - 264. List the prime factors of v.
5, 13
Let j be 4 + 467 - (4 - 8 - -8). Let p = -18 + j. What are the prime factors of p?
449
Suppose 4*p - j - 211280 = 0, -p + 4*j + 52815 = 5*j. What are the prime factors of p?
13, 17, 239
Let f(o) be the third derivative of -17/3*o**3 + 1/60*o**5 + 5/6*o**4 + 0*o + 27*o**2 + 0. What are the prime factors of f(-25)?
7, 13
Suppose 0 = 15*c - 17*c + 8. Let l(d) = 3 - 6 + 0 + c + 131*d**2. List the prime factors of l(1).
2, 3, 11
What are the prime factors of ((-1)/2)/(3/(-58518))?
3, 3251
Let l(c) = c**3 - 6*c**2 - 6*c - 9. Let d be l(7). Let i = d + 10. What are the prime factors of (-8)/3*(-138)/i?
2, 23
Let u = 27677 + -7894. What are the prime factors of u?
73, 271
Suppose 0 = -3*v + 3*w - 6, 3*v - 2 = v + 5*w. What are the prime factors of (-9)/(((-51)/2465)/(v/(-10)))?
2, 3, 29
Let y = -66 - -69. Let k(p) = 16*p**3 + p - 6*p**2 - y*p**2 + 0*p + 7*p**2. What are the prime factors of k(2)?
2, 61
Let o = -28 - -28. Suppose o = l + l + 344. Let u = -82 - l. List the prime factors of u.
2, 3, 5
Suppose 80 = 4*y + 4*l, -5*y - 6*l = -4*l - 85. Suppose y = 3*k - 0*k. Suppose -k*v - 85 = -580. List the prime factors of v.
3, 11
Let x(q) = -2 + 30*q**2 + 25*q**2 - 43*q**2 + 3*q. Let f be x(2). Suppose 0 = -5*s + 3*y + 75 + 34, 2*s = -3*y + f. List the prime factors of s.
23
Suppose 0 = -4*a + 4*h, 3*h - 24 = 44*a - 49*a. Let k be 2/5 + 124/(-10). What are the prime factors of a + 3/(k/122)*-4?
5
Let r(q) = q**3 + 15*q**2 + 10*q - 14. Suppose -i - 5*x = -39, 0 = 3*i - 5*i + 2*x + 78. Let f = i + -53. List the prime factors of r(f).
2, 3, 7
Let t(v) = v**2 + 6*v + 4. Let a be t(-6). Suppose 4*j + a = -2*r, -5*r = 2*j - 0*j - 6. What are the prime factors of 1*j*(-564)/8?
3, 47
Let f(q) = 798*q**3 + 10*q**2 + 11*q - 27. What are the prime factors of f(2)?
7, 131
Suppose 2*m + 39 = -99. Let f be m/(-18) + (-1)/(-6). Suppose 0 = -5*l - 25, -f*j = -3*j - 3*l - 88. List the prime factors of j.
73
Let t(o) = -3*o**2 + 2*o + 729. List the prime factors of t(0).
3
Let t = 87271 + -54001. What are the prime factors of t?
2, 3, 5, 1109
Suppo